alse
Is 59351958443 composite?
True
Is 8431024517 a composite number?
False
Is 707557219 composite?
False
Is 440269543 a prime number?
False
Is 1259690767 a composite number?
False
Is 7595213537 composite?
True
Is 5981522191 composite?
False
Is 109578787 a prime number?
False
Is 4848432117 composite?
True
Is 78149026337 composite?
False
Is 4450932341 composite?
False
Is 555987547 composite?
False
Is 1531661489 a prime number?
True
Is 3027142207 a composite number?
True
Is 28560165709 a prime number?
False
Is 276850711 composite?
False
Is 530339059 composite?
True
Is 2630012777 a composite number?
True
Is 62931599111 composite?
True
Is 2989236903 a prime number?
False
Is 1216626847 prime?
True
Is 428571191 a prime number?
True
Is 720231923 composite?
False
Is 4191081299 composite?
False
Is 23588793419 a composite number?
False
Is 137403803 composite?
True
Is 59683059526 a composite number?
True
Is 150375593 prime?
True
Is 2620331123 composite?
True
Is 7431855478 a prime number?
False
Is 5777951071 a composite number?
False
Is 7583384453 a composite number?
True
Is 2711872633 a prime number?
True
Is 21117272807 prime?
True
Is 1432351853 a composite number?
False
Is 71558245249 a composite number?
True
Is 12134396213 a prime number?
False
Is 1578675397 composite?
True
Is 5778196603 a composite number?
False
Is 1010098171 composite?
True
Is 1511928057 composite?
True
Is 83259887 composite?
True
Is 1885117961 a prime number?
False
Is 3137280511 composite?
False
Is 7212208193 composite?
False
Is 38514821 prime?
False
Is 46579798339 composite?
True
Is 55287885269 prime?
True
Is 5302286061 a prime number?
False
Is 2740659671 a composite number?
True
Is 34292442739 a prime number?
False
Is 1157584606 a composite number?
True
Is 2809700311 composite?
True
Is 31620730177 composite?
False
Is 478622693 prime?
True
Is 736913257 a composite number?
True
Is 810871277 a composite number?
False
Is 34020854503 composite?
True
Is 1968978257 a composite number?
False
Is 79905323 composite?
True
Is 448667113 a prime number?
True
Is 2418764605 composite?
True
Is 14429279 a prime number?
False
Is 991390979 prime?
True
Is 1778523689 composite?
False
Is 9526241827 a prime number?
True
Is 282882959 composite?
False
Is 45045063071 a composite number?
False
Is 3939440521 prime?
True
Is 1069419719 composite?
False
Is 4266556579 a composite number?
False
Is 34260447791 a prime number?
True
Is 686049557 a prime number?
False
Is 7010773631 a composite number?
False
Is 14167346497 a prime number?
False
Is 268321171 a composite number?
False
Is 1013234665 a prime number?
False
Is 1664203999 composite?
True
Is 321313977473 prime?
True
Is 8505936779 composite?
False
Is 1854387753 composite?
True
Is 938681609 a prime number?
True
Is 1675339097 a composite number?
False
Is 2047450681 a prime number?
True
Is 26701252727 a prime number?
False
Is 3567120017 a prime number?
False
Is 6032801 a prime number?
True
Is 7582109035 prime?
False
Is 27245210141 a prime number?
True
Is 417307271 a prime number?
True
Is 1119930403 a prime number?
False
Is 6011023531 a prime number?
True
Is 453544961 prime?
True
Is 41018903741 composite?
False
Is 6571952869 a prime number?
True
Is 11494017341 prime?
False
Is 4097446603 composite?
False
Is 7023246343 composite?
False
Is 1511101621 a composite number?
False
Is 5927022019 a prime number?
True
Is 491391287 a composite number?
False
Is 121241339 a composite number?
True
Is 1269129571 prime?
False
Is 5007662213 a prime number?
False
Is 1397565599 a prime number?
True
Is 5385102851 a composite number?
False
Is 1989518411 composite?
True
Is 19357978907 composite?
True
Is 5675200829 a composite number?
True
Is 6270935371 a prime number?
False
Is 564869783 prime?
False
Is 2641354187 prime?
False
Is 98280937 a composite number?
False
Is 222419069 a composite number?
True
Is 3326121961 prime?
False
Is 10110615127 prime?
True
Is 99419838409 a composite number?
False
Is 5228459903 a prime number?
True
Is 853696057 a composite number?
True
Is 1226873597 prime?
False
Is 132518171 a composite number?
True
Is 595793729 a prime number?
True
Is 147890341669 composite?
True
Is 41175159647 composite?
True
Is 8852438359 a composite number?
True
Is 1298589493 a composite number?
False
Is 1194741619 composite?
True
Is 554290969 a prime number?
False
Is 4061205377 composite?
True
Is 85355727503 prime?
True
Is 1527811151 a prime number?
True
Is 346092259 prime?
True
Is 372386627 composite?
True
Is 74040498313 composite?
True
Is 24005507263 a composite number?
True
Is 14524257205 a composite number?
True
Is 88750817003 prime?
True
Is 3346574227 a prime number?
True
Is 4373582561 composite?
False
Is 237254911 a composite number?
False
Is 728072363 a composite number?
True
Is 4929067991 prime?
True
Is 165280814261 a prime number?
True
Is 3347981477 a composite number?
True
Is 54687171031 a composite number?
False
Is 776461031 prime?
False
Is 174012029 a composite number?
True
Is 15027499951 a composite number?
True
Is 776661709 composite?
True
Is 18317715869 a prime number?
False
Is 36147532009 a prime number?
False
Is 1856670911 composite?
False
Is 8232048593 composite?
True
Is 333710929 a composite number?
True
Is 6066286397 a prime number?
False
Is 1435915109 a composite number?
False
Is 2003325229 prime?
False
Is 137236600703 prime?
True
Is 1060969073 prime?
True
Is 20092391047 a composite number?
False
Is 945544693 prime?
True
Is 427755967 a prime number?
True
Is 10218963935 a prime number?
False
Is 2781849907 composite?
True
Is 30808447133 composite?
False
Is 26716577 a prime number?
False
Is 552255817 composite?
True
Is 79911059 composite?
False
Is 3103133939 composite?
True
Is 8932567123 a prime number?
False
Is 309629809 a prime number?
True
Is 467776261 prime?
True
Is 3551520017 a composite number?
False
Is 38629027727 prime?
False
Is 492395467 a composite number?
False
Is 2205751511 a composite number?
False
Is 19495899373 prime?
False
Is 17239239307 prime?
True
Is 384207329 composite?
True
Is 739678837 a prime number?
True
Is 64747792027 prime?
True
Is 18102780937 prime?
False
Is 12088087555 prime?
False
Is 585017969 prime?
True
Is 15568916719 composite?
True
Is 418963651 a composite number?
False
Is 4848790087 a composite number?
False
Is 31357549 a composite number?
True
Is 66822464741 a composite number?
False
Is 4680952235 a composite number?
True
Is 7038440363 a prime number?
False
Is 2753417309 a prime number?
False
Is 15097079423 composite?
True
Is 184775311 composite?
True
Is 7101069298 a prime number?
False
Is 129809387485 a composite number?
True
Is 39938521933 composite?
False
Is 1049559931 prime?
False
Is 39413969621 a prime number?
False
Is 6193614571 prime?
False
Is 1587108869 composite?
False
Is 75683198011 a composite number?
True
Is 31330504459 prime?
True
Is 98966993 composite?
False
Is 17972002227 prime?
False
Is 25757200087 composite?
True
Is 480966713 composite?
False
Is 122807833793 a prime number?
False
Is 3425066963 composite?
False
Is 477549977 prime?
True
Is 159918504661 a prime number?
True
Is 117893911 a composite number?
True
Is 870918331 prime?
True
Is 25876282759 a composite number?
True
Is 7901892879 a composite number?
True
Is 3081420129 a prime number?
False
Is 744020789 a prime number?
False
Is 3850977113 composite?
True
Is 5562546461 composite?
False
Is 160030937 composite?
True
Is 2897725459 a prime number?
True
Is 14243133143 a composite number?
False
Is 85117759217 prime?
False
Is 23108317301 composite?
False
Is 19567608847 a prime number?
True
Is 3651764885 prime?
False
Is 28310323891 a prime number?
True
Is 17917685291 a composite number?
True
Is 21332461519 composite?
False
Is 4348997 a composite number?
False
Is 11020358893 prime?
True
Is 95393059481 prime?
False
Is 6162267 composite?
True
Is 26034030881 a prime number?
False
Is 205887599 prime?
True
Is 2025710549 prime?
True
Is 22799989123 a prime number?
True
Is 9887382319 a composite number?
False
Is 4549190693 a prime number?
False
Is 11942037689 a prime number?
False
Is 971316919 composite?
False
Is 1923096203 a prime number?
False
Is 107593921 a prime number?
False
Is 537374247 prime?
False
Is 3762971551 a composite number?
False
Is 76892124871 a prime number?
T